82?
21
Calculate the remainder when 86434 is divided by 13.
10
Calculate the remainder when 16063 is divided by 21.
19
Calculate the remainder when 4945 is divided by 3968.
977
What is the remainder when 60248 is divided by 399?
398
Calculate the remainder when 11000 is divided by 1328.
376
What is the remainder when 434910 is divided by 706?
14
What is the remainder when 2574 is divided by 834?
72
Calculate the remainder when 4249 is divided by 87.
73
What is the remainder when 45752 is divided by 3049?
17
Calculate the remainder when 13532 is divided by 423.
419
Calculate the remainder when 51216 is divided by 50968.
248
What is the remainder when 381934 is divided by 654?
652
Calculate the remainder when 1549 is divided by 2.
1
What is the remainder when 8364 is divided by 557?
9
What is the remainder when 5798 is divided by 385?
23
Calculate the remainder when 30401 is divided by 12.
5
Calculate the remainder when 70598 is divided by 18.
2
Calculate the remainder when 10634 is divided by 529.
54
What is the remainder when 5281 is divided by 2636?
9
What is the remainder when 5088 is divided by 234?
174
What is the remainder when 159790 is divided by 4565?
15
Calculate the remainder when 1098 is divided by 8.
2
What is the remainder when 10507 is divided by 1050?
7
What is the remainder when 16537 is divided by 111?
109
What is the remainder when 9901 is divided by 100?
1
What is the remainder when 7826 is divided by 982?
952
What is the remainder when 5701 is divided by 1846?
163
Calculate the remainder when 4461 is divided by 262.
7
What is the remainder when 733855 is divided by 544?
543
What is the remainder when 3021 is divided by 96?
45
Calculate the remainder when 971 is divided by 401.
169
Calculate the remainder when 7077 is divided by 2242.
351
What is the remainder when 3564 is divided by 128?
108
What is the remainder when 243207 is divided by 43?
42
Calculate the remainder when 10440 is divided by 81.
72
What is the remainder when 25800 is divided by 12879?
42
What is the remainder when 513 is divided by 52?
45
What is the remainder when 13739 is divided by 1211?
418
Calculate the remainder when 51782 is divided by 169.
68
What is the remainder when 35877 is divided by 81?
75
Calculate the remainder when 94981 is divided by 931.
19
What is the remainder when 44331 is divided by 8853?
66
Calculate the remainder when 15619 is divided by 127.
125
Calculate the remainder when 33683 is divided by 1464.
11
What is the remainder when 5776 is divided by 123?
118
What is the remainder when 6042 is divided by 96?
90
What is the remainder when 30902 is divided by 18?
14
Calculate the remainder when 3823 is divided by 1213.
184
What is the remainder when 13156 is divided by 258?
256
What is the remainder when 423730 is divided by 79?
53
What is the remainder when 249521 is divided by 91?
90
What is the remainder when 96201 is divided by 467?
466
What is the remainder when 4316 is divided by 1027?
208
What is the remainder when 79838 is divided by 1079?
1071
What is the remainder when 148 is divided by 15?
13
Calculate the remainder when 17820 is divided by 8897.
26
What is the remainder when 150699 is divided by 75349?
1
Calculate the remainder when 40754 is divided by 57.
56
Calculate the remainder when 18777 is divided by 10.
7
What is the remainder when 7721 is divided by 2166?
1223
Calculate the remainder when 10124 is divided by 13.
10
Calculate the remainder when 79911 is divided by 3805.
6
Calculate the remainder when 2595 is divided by 614.
139
Calculate the remainder when 4284 is divided by 20.
4
Calculate the remainder when 41724 is divided by 65.
59
What is the remainder when 26354 is divided by 2027?
3
What is the remainder when 4192 is divided by 388?
312
What is the remainder when 710818 is divided by 1402?
4
Calculate the remainder when 1796 is divided by 232.
172
What is the remainder when 47273 is divided by 11807?
45
What is the remainder when 326 is divided by 322?
4
Calculate the remainder when 38796 is divided by 139.
15
What is the remainder when 1139 is divided by 236?
195
Calculate the remainder when 204567 is divided by 658.
587
Calculate the remainder when 46534 is divided by 722.
326
Calculate the remainder when 11325 is divided by 567.
552
What is the remainder when 8165 is divided by 45?
20
What is the remainder when 5646120 is divided by 49?
46
Calculate the remainder when 10948 is divided by 2737.
0
What is the remainder when 156497 is divided by 40?
17
Calculate the remainder when 28040 is divided by 1402.
0
Calculate the remainder when 952767 is divided by 390.
387
What is the remainder when 5224 is divided by 5067?
157
What is the remainder when 185215 is divided by 13?
4
What is the remainder when 109924 is divided by 21972?
64
What is the remainder when 742441 is divided by 263?
255
What is the remainder when 21692 is divided by 243?
65
Calculate the remainder when 57947 is divided by 322.
309
What is the remainder when 15085 is divided by 23?
20
Calculate the remainder when 343196 is divided by 171598.
0
What is the remainder when 174087 is divided by 21?
18
What is the remainder when 1150 is divided by 340?
130
Calculate the remainder when 166079 is divided by 32.
31
What is the remainder when 220915 is divided by 73637?
4
What is the remainder when 142051 is divided by 17?
16
What is the remainder when 444652 is divided by 221?
0
What is the remainder when 9308 is divided by 1857?
23
What is the remainder when 16266 is divided by 494?
458
What is the remainder when 2388 is divided by 2373?
15
What is the remainder when 12801 is divided by 246?
9
Calculate the remainder when 6082 is divided by 407.
384
What is the remainder when 1714331 is divided by 292?
291
Calculate the remainder when 4450 is divided by 743.
735
Calculate the remainder when 13369 is divided by 147.
139
What is the remainder when 4921 is divided by 98?
21
What is the remainder when 2131 is divided by 1014?
103
Calculate the remainder when 1132309 is divided by 303.
301
Calculate the remainder when 182403 is divided by 108.
99
Calculate the remainder when 5817 is divided by 322.
21
What is the remainder when 8283 is divided by 261?
192
What is the remainder when 1019636 is divided by 87?
83
Calculate the remainder when 405590 is divided by 1519.
17
Calculate the remainder when 1157 is divided by 340.
137
What is the remainder when 510 is divided by 59?
38
What is the remainder when 1275142 is divided by 402?
400
What is the remainder when 472621 is divided by 558?
553
Calculate the remainder when 5093 is divided by 425.
418
Calculate the remainder when 1580408 is divided by 526797.
17
What is the remainder when 1055570 is divided by 11?
10
Calculate the remainder when 34791 is divided by 11597.
0
What is the remainder when 2695 is divided by 2689?
6
What is the remainder when 49128 is divided by 54?
42
Calculate the remainder when 82480 is divided by 27488.
16
What is the remainder when 14921 is divided by 14777?
144
Calculate the remainder when 144483 is divided by 13.
1
Calculate the remainder when 4302 is divided by 288.
270
What is the remainder when 6405 is divided by 113?
77
What is the remainder when 85420 is divided by 706?
700
Calculate the remainder when 36551 is divided by 19.
14
What is the remainder when 1953 is divided by 493?
474
What is the remainder when 55310 is divided by 27?
14
Calculate the remainder when 3855 is divided by 629.
81
Calculate the remainder when 166550 is divided by 382.
380
Calculate the remainder when 14428 is divided by 147.
22
Calculate the remainder when 1126 is divided by 137.
30
Calculate the remainder when 234839 is divided by 39137.
17
Calculate the remainder when 28517 is divided by 68.
25
Calculate the remainder when 34578 is divided by 34552.
26
What is the remainder when 156411 is divided by 3?
0
Calculate the remainder when 146134 is divided by 4714.
0
What is the remainder when 11396 is divided by 308?
0
Calculate the remainder when 4793 is divided by 599.
1
What is the remainder when 549572 is divided by 126?
86
What is the remainder when 4699 is divided by 276?
7
Calculate the remainder when 69 is divided by 19.
12
What is the remainder when 148845 is divided by 9302?
13
What i